4
Calculate the greatest common factor of 8 and 16.
8
Calculate the highest common divisor of 108 and 1107.
27
What is the greatest common factor of 3368 and 8?
8
Calculate the greatest common divisor of 7 and 301.
7
Calculate the greatest common divisor of 28 and 1337.
7
Calculate the highest common factor of 36 and 450.
18
Calculate the greatest common divisor of 90 and 810.
90
What is the greatest common divisor of 224 and 288?
32
Calculate the highest common factor of 9875 and 79.
79
What is the highest common factor of 3337 and 71?
71
What is the greatest common divisor of 88 and 24?
8
What is the highest common divisor of 29 and 16153?
29
Calculate the greatest common factor of 4704 and 78.
6
Calculate the greatest common divisor of 2490 and 60.
30
Calculate the highest common factor of 6 and 16.
2
What is the highest common factor of 47 and 752?
47
Calculate the highest common factor of 3425 and 200.
25
Calculate the greatest common divisor of 400 and 25.
25
What is the greatest common factor of 65 and 15?
5
What is the highest common divisor of 3620 and 40?
20
Calculate the greatest common divisor of 3995 and 17.
17
Calculate the highest common divisor of 69 and 15939.
69
What is the greatest common factor of 1050 and 14?
14
What is the greatest common factor of 1653 and 29?
29
Calculate the highest common divisor of 826 and 1554.
14
What is the greatest common factor of 440 and 385?
55
Calculate the highest common factor of 165 and 135.
15
What is the greatest common divisor of 909 and 9?
9
Calculate the greatest common factor of 180 and 710.
10
Calculate the highest common divisor of 112 and 280.
56
Calculate the greatest common factor of 624 and 1014.
78
What is the greatest common factor of 121 and 99?
11
What is the highest common factor of 867 and 1581?
51
What is the highest common factor of 8 and 608?
8
What is the highest common factor of 10 and 790?
10
Calculate the highest common factor of 13790 and 60.
10
Calculate the highest common factor of 1624 and 64.
8
Calculate the highest common divisor of 343 and 2989.
49
What is the highest common divisor of 5 and 3085?
5
What is the highest common divisor of 160 and 10?
10
What is the highest common divisor of 13176 and 216?
216
What is the greatest common divisor of 27 and 297?
27
Calculate the highest common divisor of 3162 and 204.
102
Calculate the highest common divisor of 2145 and 3.
3
What is the greatest common divisor of 42 and 38?
2
Calculate the highest common divisor of 3377 and 33.
11
What is the greatest common divisor of 243 and 216?
27
What is the greatest common divisor of 110 and 26?
2
What is the highest common factor of 903 and 3741?
129
What is the highest common divisor of 4860 and 315?
45
What is the greatest common factor of 12546 and 4797?
369
What is the highest common divisor of 1710 and 513?
171
What is the greatest common divisor of 24 and 40?
8
What is the greatest common divisor of 52 and 1300?
52
What is the highest common factor of 100 and 2350?
50
Calculate the highest common divisor of 56 and 32.
8
What is the greatest common factor of 24 and 648?
24
Calculate the greatest common factor of 72 and 9252.
36
Calculate the highest common factor of 1 and 9339.
1
Calculate the greatest common factor of 60 and 320.
20
What is the highest common divisor of 55 and 11?
11
What is the greatest common factor of 220 and 33?
11
What is the greatest common divisor of 28 and 5782?
14
What is the greatest common factor of 38 and 703?
19
What is the greatest common divisor of 242 and 176?
22
Calculate the greatest common divisor of 119 and 119.
119
Calculate the greatest common factor of 19 and 2.
1
Calculate the highest common divisor of 246 and 574.
82
Calculate the highest common divisor of 90 and 45.
45
What is the greatest common divisor of 20 and 22320?
20
What is the greatest common divisor of 1260 and 70?
70
Calculate the highest common factor of 1216 and 114.
38
Calculate the greatest common factor of 119 and 525.
7
What is the highest common factor of 360 and 1224?
72
What is the highest common factor of 279 and 9?
9
Calculate the greatest common factor of 396 and 21.
3
Calculate the highest common factor of 391 and 85.
17
What is the highest common divisor of 18 and 54?
18
Calculate the greatest common factor of 27373 and 31.
31
Calculate the highest common factor of 738 and 24.
6
What is the highest common divisor of 42 and 462?
42
Calculate the highest common divisor of 63 and 399.
21
Calculate the greatest common factor of 76779 and 171.
171
Calculate the highest common divisor of 663 and 102.
51
What is the greatest common divisor of 30 and 12?
6
What is the highest common factor of 95 and 133?
19
What is the greatest common factor of 2688 and 288?
96
Calculate the highest common divisor of 174 and 108.
6
Calculate the highest common factor of 6928 and 6495.
433
Calculate the highest common factor of 19 and 323.
19
Calculate the highest common factor of 10 and 205.
5
What is the greatest common factor of 518 and 4690?
14
What is the greatest common factor of 124 and 4?
4
What is the greatest common divisor of 162 and 18?
18
Calculate the highest common factor of 717 and 11950.
239
What is the greatest common divisor of 21 and 2184?
21
Calculate the highest common factor of 696 and 435.
87
What is the greatest common factor of 44 and 44?
44
What is the greatest common divisor of 48 and 5592?
24
Calculate the highest common divisor of 11 and 39.
1
What is the greatest common divisor of 21885 and 30?
15
Calculate the highest common factor of 66 and 11715.
33
What is the highest common factor of 84 and 1484?
28
Calculate the highest common factor of 14 and 13888.
14
Calculate the greatest common factor of 146 and 8.
2
Calculate the greatest common divisor of 8 and 388.
4
What is the greatest common factor of 115 and 35765?
115
What is the highest common factor of 2006 and 34?
34
What is the highest common divisor of 132 and 5268?
12
What is the highest common factor of 301 and 56?
7
Calculate the greatest common divisor of 1683 and 1887.
51
What is the highest common divisor of 3990 and 15?
15
Calculate the highest common divisor of 8602 and 11.
11
What is the highest common divisor of 31361 and 22?
11
What is the highest common factor of 34 and 34?
34
Calculate the highest common factor of 42294 and 38.
38
What is the highest common divisor of 84 and 273?
21
What is the greatest common divisor of 14 and 42?
14
Calculate the greatest common divisor of 703 and 296.
37
Calculate the highest common divisor of 2 and 16.
2
What is the greatest common divisor of 5 and 490?
5
Calculate the highest common factor of 50 and 1550.
50
What is the greatest common divisor of 704 and 11?
11
Calculate the greatest common divisor of 1426 and 46.
46
Calculate the greatest common divisor of 70 and 620.
10
Calculate the highest common divisor of 4 and 709.
1
Calculate the highest common factor of 16 and 2376.
8
What is the highest common factor of 130 and 4745?
65
What is the greatest common divisor of 292 and 5986?
146
Calculate the greatest common divisor of 156 and 1196.
52
What is the highest common factor of 10 and 50?
10
Calculate the greatest common divisor of 110 and 165.
55
Calculate the highest common factor of 3342 and 6.
6
Calculate the greatest common factor of 18 and 54.
18
Calculate the greatest common divisor of 133 and 7.
7
What is the greatest common divisor of 62577 and 153?
153
What is the highest common divisor of 8500 and 68?
68
What is the greatest common divisor of 1806 and 7?
7
Calculate the highest common factor of 8 and 80.
8
What is the highest common divisor of 6 and 12?
6
What is the highest common factor of 68 and 544?
68
What is the greatest common factor of 3782 and 620?
62
Calculate the greatest common factor of 92 and 161.
23
Calculate the greatest common divisor of 142 and 6.
2
Calculate the greatest common divisor of 384 and 1104.
48
What is the highest common factor of 145 and 203?
29
Calculate the greatest common divisor of 75 and 27.
3
Calculate the greatest common divisor of 18 and 450.
18
What is the greatest common divisor of 90 and 2214?
18
Calculate the highest common divisor of 2727 and 303.
303
Calculate the highest comm